-3*f**2 + f + 8. Let g be -4 - 2001/(-552) - (0 + 26/16). What is a(g)?
-6
Let f(c) = -c**3 + 5*c**2 - 4*c - 2. Suppose -5*q - 769 = -89. Let y = q - -140. Determine f(y).
-2
Suppose 56*i = 54*i - 3*j + 21, 2*j - 10 = 0. Let t(o) be the third derivative of 1/120*o**6 + 1/30*o**5 + 0*o + 0*o**i + 2*o**2 + 0 - 1/8*o**4. Give t(-3).
0
Let l(m) be the first derivative of m**3/3 - 13*m + 56. Let h(x) = -2*x**2 - x + 27. Let a(v) = 6*h(v) + 13*l(v). Give a(6).
-7
Let s(o) = o**2 + o - 3. Let b be (-7)/(-3) - (-12)/18. Suppose -18 = t + t - 5*v, 3*t + 18 = b*v. What is s(t)?
9
Suppose -66 = 3*y + 90. Let p(k) = 5*k + 32. Let i be p(-6). Let m be (i/8)/(13/y). Let j(o) = -5*o**2 - 2*o - 1. Calculate j(m).
-4
Let u be 906/8 - (-6 + (-126)/(-24)). Suppose 14*h - u = -5*h. Let k(m) = m - 9. What is k(h)?
-3
Let r(g) = -g - 3. Let m = 1057 + -1041. Determine r(m).
-19
Let i(f) = -953*f - 15 + 43 + 955*f. Suppose 0 = 4*n + 21 + 43. Give i(n).
-4
Let h(x) = 2*x + 6. Suppose -k - 996 - 145 = -4*y, 15 = -3*k. Let p = -289 + y. Calculate h(p).
-4
Let r = 68701/24 + -5725/2. Let j(d) be the third derivative of -1/2*d**3 - r*d**4 + 0 + 0*d + 7*d**2. Determine j(0).
-3
Let y(b) = -b**3 + b - 1. Let k(q) = -4*q**2 - 2*q + 1. Let n = -41 - -36. Let u be -1 + 1/n*0. Let j(v) = u*y(v) - k(v). Determine j(-2).
6
Let k = 209 - 191. Let m(x) be the third derivative of 1/24*x**4 - 1/15*x**5 + 0 - 1/120*x**6 + 1/3*x**3 - k*x**2 + 0*x. Give m(-4).
-2
Let z(o) be the second derivative of -o**4/3 - o**3/3 - 3*o**2/2 + 888*o. What is z(-1)?
-5
Let q = 10 + -2. Suppose -4*h - q = w, -1 = 2*w - h - 12. Let d(m) = 15 - 2*m - 2*m**2 - 6 + m**2 - w. Calculate d(-4).
-3
Let q = 12717 + -12703. Let w(v) be the third derivative of v**6/120 - 13*v**5/60 - 13*v**4/24 - 8*v**3/3 - 3*v**2. Determine w(q).
-2
Let q(h) = 646 - 20*h**2 + 19*h**2 + 660 + 8*h - 1316. Determine q(3).
5
Let b(z) = -z**3 + 8*z**2 - 2*z + 9. Let w be b(8). Let j(o) = o**3 + 5*o**2 - 15*o - 17. Calculate j(w).
-10
Let v(c) = c**2 - 20*c + 54. Suppose 75*g - 74*g - 18 = -q, 0 = -3*q + 2*g + 49. What is v(q)?
3
Let c(t) = 2*t. Let d be (-5*(-14 + 9)/15)/((-5)/(-6)). Suppose 4*u + 0*u - 8 = 0. Suppose d*k + 0*k = u. Calculate c(k).
2
Suppose 1361*o = 1373*o + 84. Let w(x) = x**3 + 6*x**2 + x + 59. Calculate w(o).
3
Let g(w) = -w**3 + 4*w**2 + 6*w - 2. Suppose 23*k + 90 = 33*k. Suppose k = 2*p - 1. Calculate g(p).
3
Let f(x) = 165*x + 114. Let o(g) = -64*g - 47. Let b(s) = -7*f(s) - 18*o(s). Determine b(29).
-39
Let t(a) = a - 12. Let n(f) = -2*f**2 - 30*f - 79. Suppose 7*y = -2*y - 99. Let c be n(y). What is t(c)?
-3
Let m(b) = -13658 + 8*b + 13655 - 3*b. Give m(-1).
-8
Suppose 0 = 5*f + 2*q - 2, 0 = -2*f + q + 2*q + 16. Let t be 14/f - (9 + -4). Let m(o) = -1 - 2*o - o**3 + 54*o**2 - 1 - 60*o**t. Determine m(-6).
10
Suppose -3*v = p - 135, -4*v - 5*p + 7*p + 170 = 0. Let d(x) = -4 + v*x**2 - 6 - x**3 + 2*x**3 - 51*x**2. Determine d(7).
-10
Let c be (56/70)/(1*(-2)/(-5)). Let w be c*5/(-2) - -4. Let d(m) = 2*m**2 - 2*m - 1. What is d(w)?
3
Let r(y) = -6*y**2 + 269*y - 395. Let i(g) = -2*g**2 + 85*g - 130. Let u(f) = -7*i(f) + 2*r(f). Calculate u(26).
-10
Let x(l) = -l**2 + 6*l - 4. Let p be x(3). Suppose -20 - 3 = 2*w - p*f, 0 = 3*w + 2*f - 13. Suppose -9*b + 10*b = w. Let z(q) = -5*q + 1. Determine z(b).
-4
Let q(s) = -36*s**3 + 92*s**2 - 41*s + 244. Let c(h) = 5*h**3 - 13*h**2 + 6*h - 34. Let b(d) = -29*c(d) - 4*q(d). Suppose -p = -4 - 4. What is b(p)?
-6
Let o = -264 + 334. Suppose 0 = c + 5, o = 5*f - 3*c. Let d(v) = v - 6. Calculate d(f).
5
Let k(p) = p**2 - 6*p - 16. Let y be k(9). Let d(z) = z**2 - 8*z + 8. Let b be d(y). Let s = 41 - b. Let j(w) = w**2 - w - 8. Calculate j(s).
-8
Let y = -15 + 1051. Let r(g) = y + g + 2*g - g**2 - 1031. Determine r(4).
1
Let l(y) = 10*y + 3*y**2 - 6*y**2 + 2*y**2 - 18. Suppose -15 = -z + 3*n, 2*z - 53 = 5*n - 25. Determine l(z).
-9
Let c(b) = -1 + 6 - b - 2 - 1. Let t = -17 - -19. Let u be 4*7/98*7/t. Give c(u).
1
Let z(h) be the third derivative of -h**5/30 + 17*h**4/24 + 43*h**3/6 - 989*h**2. What is z(11)?
-12
Let f(i) = -3*i**3 + 1 + 4*i**2 - i**2 - 4*i + 5*i**3 - i**3. Let m be (24/52 - 477/(-234))*-2. Calculate f(m).
-29
Let x(z) = 7*z - 92. Let c(v) = 45*v**2 + 138*v + 23. Let b be c(-3). Calculate x(b).
6
Suppose -2*y - 3*y = 25. Let o be y/(-3) + 4/(-6). Let w(v) = -388896*v**3 + 0*v**2 + 388890*v**3 + v - v**2. What is w(o)?
-6
Let r(l) be the second derivative of l**3/3 - 61*l**2/2 + l - 154. Calculate r(21).
-19
Let l(s) = s**2 + 3*s + 9. Let w(g) = -2*g**2 + 9*g + 8. Let z be w(6). Let c be (-13)/585*z - (-130)/(-18). Calculate l(c).
37
Let g(f) = -f**3 + 9*f**2 + 2. Let n = -44 - 2. Let c be 851/n - 3/(-2). Let z = c + 26. What is g(z)?
2
Let z(b) = -42*b - 444. Let k be z(-11). Let v(o) = -o**2 + 18*o + 4. What is v(k)?
4
Let z(l) be the third derivative of -35*l**2 + 1/24*l**4 + 1/6*l**3 + 0 + 0*l. What is z(6)?
7
Let h(v) = -9*v**2 - v. Let q(r) = -15*r**3 - 2*r**2 + 2*r + 1. Let a be q(-2). Let k be (7377/69 - -3) + 2/23. Let d = a - k. Determine h(d).
-8
Suppose 384*y + 83 + 109 = 336*y. Let h(w) = -7*w**3 - 10*w**2 + 2*w - 4. Let t(r) = 6*r**3 + 9*r**2 - 2*r + 3. Let f(n) = 5*h(n) + 6*t(n). What is f(y)?
6
Let v be (-30)/18*6 + 17. Let h(k) be the third derivative of -k**4/24 + k**3/6 + k**2. Determine h(v).
-6
Let s = 1209 - 1214. Let g(i) be the first derivative of i**4/4 + 2*i**3 + 5*i**2/2 + 8*i + 97. What is g(s)?
8
Let c(b) be the second derivative of -b**5/120 + 3*b**4/4 + 73*b**3/6 + 55*b. Let i(y) be the second derivative of c(y). What is i(11)?
7
Let c(b) = 11*b - 9. Let y(d) = -24*d + 18. Let g(t) = 15*c(t) + 6*y(t). Give g(2).
15
Let t be ((-1)/2)/((22/52)/(-11)). Suppose -9*w + 6*w = -246. Let j(c) = w - 67 - 2*c + c. Give j(t).
2
Let z = -23 + 54. Suppose -8*t + z = 15. Let q(m) = 18*m - 3. Give q(t).
33
Suppose -13*q + 18 = -n - 9*q, 4*n - 13 = -q. Let x(z) = 7 + z**n - 2 - 6*z + 6 - 10. Let i be 2 + -1 + 4 + 0. Calculate x(i).
-4
Let y(o) = 8291*o - 24793*o + 8288*o + 8279*o. Determine y(-1).
-65
Let r(v) = -v**3 + 5*v**2 + 2*v + 4. Suppose 27 - 54 = -3*y, 0 = 2*n + 8*y - 84. Calculate r(n).
-20
Let w(f) = -f**2 + 4*f. Let c be -10*(1/(6/(-27)) + 4). Suppose -c*v = 103 - 203. Suppose 0*i = -5*i + v. Determine w(i).
0
Let o(p) be the third derivative of -p**5/60 - 3*p**4/8 - p**3/2 + 122*p**2. Let f(m) = -2*m + 2. Let v be f(-2). Suppose c + 2 = -v. Give o(c).
5
Let v(l) be the third derivative of l**5/60 - 7*l**4/24 + l**3/3 - 422*l**2. Determine v(1).
-4
Let x(l) = 3*l**3 - 37*l**2 + 14*l - 20. Let m(a) = 2*a**3 + 2*a**2 - 27*a + 42. Let n be m(2). Calculate x(n).
4
Let d = -232776 + 232782. Let n(m) = m**3 + 3*m**3 - m - 5*m**3 + 6*m**2. Give n(d).
-6
Let n(r) be the third derivative of r**4/24 - 5*r**3/6 + 264*r**2. Let a(l) = 1 + 3*l + 3 - 5*l. Let w(b) = -2*a(b) - 3*n(b). Calculate w(-5).
2
Let j(a) = -a**2 - 7*a + 44. Let n(x) = -x**3 + 14*x**2 - 54*x + 39. Let w be n(7). Give j(w).
0
Let d(q) = 2*q**3 - q**2 - 2*q - 3. Let c be d(2). Suppose -2 = c*u - 2*z, 3*z + 9 = -3. Let f(g) = 4*g - 1. Calculate f(u).
-9
Let n = -123 + 126. Suppose -3*g + n*o = 15, -13*g - 23 = -9*g - 5*o. Let p(s) = -3*s - 3. Determine p(g).
3
Let r(d) = d + 15. Let k(n) be the second derivative of -n**5/20 + 5*n**4/12 - n**3/6 - 3*n**2 + 51*n. Let g be k(5). Calculate r(g).
4
Suppose -10*v - 151 = -631. Let l(s) = 2*s**3 + 6*s**2 + 4*s - 1. Let h be l(-4). Let m = h + v. Let w(j) = 6*j + 1. Calculate w(m).
-5
Let i(b) be the first derivative of -b**3/3 + 19*b**2/2 + 10*b - 6609. Determine i(20).
-10
Let j = 14895 + -14892. Let v(q) = -43*q + 124. What is v(j)?
-5
Let n(z) = -z - 5. Let o be (-6)/27 + (-349)/9. Let s(g) = 4*g + 15. Let l be s(6). Let f = l + o. Determine n(f).
-5
Let g(q) = -4*q - 18. Let l be (-3)/(8*(-21)/(-392)). Determine g(l).
10
Let w(z) = -9*z**2 - 8*z + 3. Let a(h) = -h**2 + 22*h + 777. Let r be a(-19). Give w(r).
-17
Let u(f) = 4 + 2*f - 1 - 2. Suppose -5*r = 5*i + 96 - 116, -3*i + 14 = 4*r. Give u(r).
5
Let n(j) = -6*j**3 + j**2 - 1. Let g(l) = 147 + l**2 - 14 - 74 + 23*l. Let z be g(-20). Give n(z).
6
Let o(p) = 393*p + 44. Let m(t) = 471*t + 45. Let h(b) = 5*m(b) - 6*o(b). Give h(-18).
15
Let c(o) = 18350 - o**2 + 18318 - 36809